t are the prime factors of 2242?
2, 19, 59
List the prime factors of 29689.
11, 2699
List the prime factors of 73.
73
List the prime factors of 2644.
2, 661
List the prime factors of 2686.
2, 17, 79
List the prime factors of 49904.
2, 3119
What are the prime factors of 5249?
29, 181
List the prime factors of 24265.
5, 23, 211
List the prime factors of 1614.
2, 3, 269
List the prime factors of 576.
2, 3
What are the prime factors of 26999?
7, 19, 29
List the prime factors of 177.
3, 59
List the prime factors of 3918.
2, 3, 653
What are the prime factors of 31050?
2, 3, 5, 23
List the prime factors of 398.
2, 199
What are the prime factors of 3557?
3557
What are the prime factors of 109629?
3, 13, 937
What are the prime factors of 134294?
2, 83, 809
What are the prime factors of 15084?
2, 3, 419
List the prime factors of 2109.
3, 19, 37
List the prime factors of 17690.
2, 5, 29, 61
What are the prime factors of 141?
3, 47
What are the prime factors of 475?
5, 19
List the prime factors of 2799.
3, 311
What are the prime factors of 32171?
53, 607
What are the prime factors of 188?
2, 47
List the prime factors of 1477.
7, 211
List the prime factors of 6910.
2, 5, 691
What are the prime factors of 1423?
1423
List the prime factors of 2356.
2, 19, 31
List the prime factors of 57734.
2, 28867
List the prime factors of 10440.
2, 3, 5, 29
List the prime factors of 2674.
2, 7, 191
List the prime factors of 689.
13, 53
What are the prime factors of 3180?
2, 3, 5, 53
List the prime factors of 66.
2, 3, 11
List the prime factors of 545.
5, 109
List the prime factors of 1059.
3, 353
List the prime factors of 21946.
2, 10973
What are the prime factors of 1022?
2, 7, 73
What are the prime factors of 341?
11, 31
What are the prime factors of 154731?
3, 51577
What are the prime factors of 47970?
2, 3, 5, 13, 41
What are the prime factors of 3087?
3, 7
List the prime factors of 7036.
2, 1759
What are the prime factors of 15355?
5, 37, 83
What are the prime factors of 34061?
34061
List the prime factors of 14797.
14797
List the prime factors of 6249.
3, 2083
What are the prime factors of 15082?
2, 7541
What are the prime factors of 10874?
2, 5437
List the prime factors of 22497.
3, 7499
What are the prime factors of 2898?
2, 3, 7, 23
List the prime factors of 28182.
2, 3, 7, 11, 61
List the prime factors of 3991.
13, 307
List the prime factors of 1976.
2, 13, 19
What are the prime factors of 12035?
5, 29, 83
What are the prime factors of 1681?
41
What are the prime factors of 9924?
2, 3, 827
What are the prime factors of 61?
61
List the prime factors of 170.
2, 5, 17
List the prime factors of 9158.
2, 19, 241
List the prime factors of 22050.
2, 3, 5, 7
List the prime factors of 2345.
5, 7, 67
What are the prime factors of 1809?
3, 67
What are the prime factors of 74064?
2, 3, 1543
List the prime factors of 6080.
2, 5, 19
What are the prime factors of 5920?
2, 5, 37
What are the prime factors of 4167?
3, 463
List the prime factors of 3195.
3, 5, 71
List the prime factors of 4787.
4787
List the prime factors of 879.
3, 293
List the prime factors of 2443.
7, 349
What are the prime factors of 102544?
2, 13, 17, 29
List the prime factors of 2615.
5, 523
What are the prime factors of 2841?
3, 947
List the prime factors of 424.
2, 53
List the prime factors of 1081.
23, 47
What are the prime factors of 394?
2, 197
List the prime factors of 1026.
2, 3, 19
What are the prime factors of 34139?
7, 4877
List the prime factors of 12512.
2, 17, 23
List the prime factors of 17400.
2, 3, 5, 29
List the prime factors of 2156.
2, 7, 11
What are the prime factors of 18350?
2, 5, 367
List the prime factors of 349.
349
List the prime factors of 20885.
5, 4177
What are the prime factors of 1299?
3, 433
List the prime factors of 58677.
3, 19559
List the prime factors of 16459.
109, 151
What are the prime factors of 1476?
2, 3, 41
List the prime factors of 9.
3
What are the prime factors of 4982?
2, 47, 53
List the prime factors of 3507.
3, 7, 167
List the prime factors of 13437.
3, 1493
List the prime factors of 28364.
2, 7, 1013
List the prime factors of 2421.
3, 269
What are the prime factors of 23568?
2, 3, 491
What are the prime factors of 60955?
5, 73, 167
List the prime factors of 1313.
13, 101
List the prime factors of 1020.
2, 3, 5, 17
What are the prime factors of 689?
13, 53
List the prime factors of 1224.
2, 3, 17
What are the prime factors of 3190?
2, 5, 11, 29
List the prime factors of 50011.
13, 3847
What are the prime factors of 835?
5, 167
What are the prime factors of 56730?
2, 3, 5, 31, 61
What are the prime factors of 2159?
17, 127
What are the prime factors of 29265?
3, 5, 1951
List the prime factors of 13842.
2, 3, 769
What are the prime factors of 224?
2, 7
What are the prime factors of 697?
17, 41
List the prime factors of 20636.
2, 7, 11, 67
What are the prime factors of 40580?
2, 5, 2029
What are the prime factors of 2100?
2, 3, 5, 7
What are the prime factors of 3839?
11, 349
List the prime factors of 181725.
3, 5, 2423
What are the prime factors of 406?
2, 7, 29
List the prime factors of 39738.
2, 3, 37, 179
What are the prime factors of 23329?
41, 569
What are the prime factors of 2955?
3, 5, 197
What are the prime factors of 15755?
5, 23, 137
What are the prime factors of 11?
11
List the prime factors of 36352.
2, 71
List the prime factors of 12885.
3, 5, 859
List the prime factors of 490.
2, 5, 7
What are the prime factors of 180?
2, 3, 5
List the prime factors of 3559.
3559
What are the prime factors of 3338?
2, 1669
What are the prime factors of 4553?
29, 157
List the prime factors of 26683.
26683
List the prime factors of 491.
491
What are the prime factors of 10862?
2, 5431
List the prime factors of 10884.
2, 3, 907
What are the prime factors of 20839?
7, 13, 229
List the prime factors of 6504.
2, 3, 271
What are the prime factors of 44329?
97, 457
What are the prime factors of 20088?
2, 3, 31
List the prime factors of 62000.
2, 5, 31
List the prime factors of 3691.
3691
What are the prime factors of 1467?
3, 163
List the prime factors of 72.
2, 3
What are the prime factors of 309?
3, 103
What are the prime factors of 1477?
7, 211
What are the prime factors of 54121?
54121
List the prime factors of 904.
2, 113
List the prime factors of 47861.
11, 19, 229
What are the prime factors of 1393?
7, 199
What are the prime factors of 2803?
2803
List the prime factors of 5399.
5399
What are the prime factors of 49187?
101, 487
List the prime factors of 5316.
2, 3, 443
List the prime factors of 331.
331
What are the prime factors of 86873?
109, 797
List the prime factors of 1951.
1951
List the prime factors of 5863.
11, 13, 41
What are the prime factors of 7707?
3, 7, 367
What are the prime factors of 5248?
2, 41
List the prime factors of 898.
2, 449
What are the prime factors of 9343?
9343
What are the prime factors of 1780?
2, 5, 89
What are the prime factors of 9124?
2, 2281
List the prime factors of 231.
3, 7, 11
What are the prime factors of 3251?
3251
What are the prime factors of 1631?
7, 233
What are the prime factors of 52887?
3, 17, 61
What are the prime factors of 1320?
2, 3, 5, 11
What are the prime factors of 7131?
3, 2377
List the prime factors of 3939.
3, 13, 101
List the prime factors of 5084.
2, 31, 41
What are the prime factors of 10603?
23, 461
List the prime factors of 1095.
3, 5, 73
List the prime factors of 18382.
2, 7, 13, 101
List the prime factors of 25759.
25759
List the prime factors of 12279.
3, 4093
What are the prime factors of 22810?
2, 5, 2281
List the prime factors of 1526.
2, 7, 109
List the prime factors of 3981.
3, 1327
List the prime factors of 2773.
47, 59
What are the prime factors of 103436?
2, 19, 1361
What are the prime factors of 97899?
3, 32633
List the prime factors of 731.
17, 43
List the prime factors of 7937.
7937
What are the prime factors of 1048?
2, 131
List the prime factors of 1076.
2, 269
What are the prime factors of 21242?
2, 13, 19, 43
List the prime factors of 10950.
2, 3, 5, 73
List the prime factors of 80384.
2, 157
List the prime factors of 4883.
19, 257
List the prime factors of 622.
2, 311
What are the prime factors of 2397?
3, 17, 47
What are the prime factors of 39807?
3, 4423
What are the prime